der when 186249 is divided by 26605.
14
Calculate the remainder when 1198626 is divided by 3699.
150
Calculate the remainder when 292291909 is divided by 506.
503
Calculate the remainder when 11935342 is divided by 104.
94
Calculate the remainder when 7079638 is divided by 2359754.
376
Calculate the remainder when 21648330 is divided by 552.
546
Calculate the remainder when 7695277 is divided by 30.
7
Calculate the remainder when 145716 is divided by 13227.
219
What is the remainder when 389114 is divided by 224?
26
What is the remainder when 110246 is divided by 3059?
122
Calculate the remainder when 22041 is divided by 3964.
2221
Calculate the remainder when 912324 is divided by 157.
154
What is the remainder when 375527117 is divided by 246?
245
What is the remainder when 56851 is divided by 69?
64
What is the remainder when 24330598 is divided by 105?
103
What is the remainder when 24530841 is divided by 53?
3
Calculate the remainder when 53258 is divided by 51548.
1710
What is the remainder when 273681858 is divided by 1639?
1638
Calculate the remainder when 119160 is divided by 388.
44
Calculate the remainder when 6168221 is divided by 3391.
3383
What is the remainder when 61522115 is divided by 4070?
4065
What is the remainder when 32404638 is divided by 33?
24
What is the remainder when 783821220 is divided by 214?
210
Calculate the remainder when 4044504 is divided by 472.
408
Calculate the remainder when 132083 is divided by 1834.
35
Calculate the remainder when 18624 is divided by 5532.
2028
Calculate the remainder when 119987334 is divided by 703.
700
What is the remainder when 33204643 is divided by 80?
3
Calculate the remainder when 283757054 is divided by 352.
350
What is the remainder when 16817913 is divided by 1144?
1113
Calculate the remainder when 300108 is divided by 2679.
60
Calculate the remainder when 213094 is divided by 1404.
1090
Calculate the remainder when 69587527 is divided by 68.
67
What is the remainder when 13378698 is divided by 2028?
2010
Calculate the remainder when 27111 is divided by 912.
663
Calculate the remainder when 6449438 is divided by 217.
198
Calculate the remainder when 736913 is divided by 5668.
73
What is the remainder when 8335734 is divided by 2676?
2670
What is the remainder when 1245328 is divided by 846?
16
Calculate the remainder when 22723 is divided by 19.
18
Calculate the remainder when 9676 is divided by 68.
20
Calculate the remainder when 182717 is divided by 4687.
4611
What is the remainder when 25713206 is divided by 199326?
152
What is the remainder when 1940164 is divided by 1191?
25
What is the remainder when 2214489 is divided by 47?
37
Calculate the remainder when 545850757 is divided by 282.
277
Calculate the remainder when 36402089 is divided by 387256.
25
What is the remainder when 727205 is divided by 14?
3
Calculate the remainder when 708987 is divided by 70866.
327
What is the remainder when 1844990 is divided by 150?
140
What is the remainder when 6657938 is divided by 4?
2
What is the remainder when 26142620 is divided by 3267827?
4
Calculate the remainder when 407988 is divided by 22566.
1800
Calculate the remainder when 123507 is divided by 1570.
1047
Calculate the remainder when 7635355 is divided by 17.
9
What is the remainder when 1468260 is divided by 86360?
140
Calculate the remainder when 274948 is divided by 10993.
123
What is the remainder when 4091669 is divided by 25?
19
Calculate the remainder when 1466236 is divided by 186.
184
Calculate the remainder when 77277845 is divided by 1525.
1520
Calculate the remainder when 12866719 is divided by 1711.
1710
What is the remainder when 3653604 is divided by 13?
6
Calculate the remainder when 190088 is divided by 1346.
302
Calculate the remainder when 19150286 is divided by 135.
131
What is the remainder when 1955947 is divided by 639?
607
Calculate the remainder when 843662 is divided by 421825.
12
Calculate the remainder when 4486529 is divided by 30.
29
Calculate the remainder when 323116 is divided by 299.
196
Calculate the remainder when 194355 is divided by 97144.
67
What is the remainder when 10695 is divided by 971?
14
Calculate the remainder when 107570 is divided by 1035.
965
What is the remainder when 1643833 is divided by 3078?
181
Calculate the remainder when 590794 is divided by 589878.
916
What is the remainder when 249595 is divided by 49857?
310
What is the remainder when 969575 is divided by 51029?
24
Calculate the remainder when 10983467 is divided by 3.
2
What is the remainder when 148985 is divided by 505?
10
Calculate the remainder when 645903 is divided by 69.
63
Calculate the remainder when 16033119 is divided by 26.
11
Calculate the remainder when 196480 is divided by 3639.
3613
What is the remainder when 98863637 is divided by 32954540?
17
What is the remainder when 51236 is divided by 2471?
1816
Calculate the remainder when 356374 is divided by 66.
40
What is the remainder when 4762852 is divided by 78?
16
Calculate the remainder when 295315 is divided by 1145.
1050
What is the remainder when 1468199 is divided by 1067?
7
Calculate the remainder when 128535 is divided by 32071.
251
Calculate the remainder when 96439352 is divided by 16073225.
2
What is the remainder when 84180 is divided by 82548?
1632
What is the remainder when 12754288 is divided by 4058?
4052
What is the remainder when 4899695 is divided by 979939?
0
What is the remainder when 3102012 is divided by 6600?
12
Calculate the remainder when 1381916 is divided by 140.
116
Calculate the remainder when 10277793 is divided by 2078.
5
Calculate the remainder when 113793 is divided by 7100.
193
Calculate the remainder when 410143462 is divided by 136714484.
10
What is the remainder when 1153260 is divided by 2779?
2754
What is the remainder when 186622 is divided by 62063?
433
What is the remainder when 2665435 is divided by 432?
427
What is the remainder when 844772 is divided by 140483?
1874
Calculate the remainder when 6316171 is divided by 98690.
11
Calculate the remainder when 115505 is divided by 2817.
8
What is the remainder when 9257848 is divided by 315?
313
What is the remainder when 195785 is divided by 298?
297
What is the remainder when 1528775 is divided by 24?
23
Calculate the remainder when 1175073 is divided by 320.
33
Calculate the remainder when 321130 is divided by 321129.
1
What is the remainder when 216412 is divided by 216385?
27
Calculate the remainder when 205764 is divided by 1593.
267
What is the remainder when 61591027 is divided by 291?
4
What is the remainder when 4783639 is divided by 1842?
1807
What is the remainder when 714189 is divided by 54?
39
Calculate the remainder when 8183090 is divided by 8183045.
45
Calculate the remainder when 5343 is divided by 2635.
73
What is the remainder when 57489604 is divided by 3374?
18
Calculate the remainder when 9559888 is divided by 42114.
10
What is the remainder when 514383 is divided by 1980?
1563
Calculate the remainder when 2017839 is divided by 168.
159
What is the remainder when 1090722419 is divided by 58?
55
What is the remainder when 60152 is divided by 9971?
326
Calculate the remainder when 1111264 is divided by 3679.
206
What is the remainder when 86946 is divided by 3354?
3096
Calculate the remainder when 143926707 is divided by 556.
547
Calculate the remainder when 78582 is divided by 2698.
340
What is the remainder when 65311 is divided by 32323?
665
What is the remainder when 864391318 is divided by 10646?
10640
What is the remainder when 186604 is divided by 186491?
113
Calculate the remainder when 2741239 is divided by 1370352.
535
What is the remainder when 707157110 is divided by 2726?
2724
What is the remainder when 2164923 is divided by 18810?
1773
Calculate the remainder when 22848 is divided by 74.
56
Calculate the remainder when 6497 is divided by 1379.
981
What is the remainder when 27760324 is divided by 49?
11
Calculate the remainder when 48162 is divided by 11754.
1146
Calculate the remainder when 88314790 is divided by 525683.
46
Calculate the remainder when 5078648 is divided by 115.
18
Calculate the remainder when 49608452 is divided by 7086921.
5
What is the remainder when 3820389 is divided by 200?
189
What is the re